{"id":5306,"date":"2024-04-27T10:13:57","date_gmt":"2024-04-27T10:13:57","guid":{"rendered":"https:\/\/demo.awaikenthemes.com\/theme-aerologix\/?page_id=5306"},"modified":"2025-03-25T11:32:21","modified_gmt":"2025-03-25T10:32:21","slug":"enlevement","status":"publish","type":"page","link":"https:\/\/www.kreyolfret.com\/index.php\/services\/enlevement\/","title":{"rendered":"Enl\u00e8vement"},"content":{"rendered":"\t\t<div data-elementor-type=\"wp-page\" data-elementor-id=\"5306\" class=\"elementor elementor-5306\">\n\t\t\t\t<div class=\"elementor-element elementor-element-39248c5 e-flex e-con-boxed e-con e-parent\" data-id=\"39248c5\" data-element_type=\"container\" data-e-type=\"container\" data-settings=\"{&quot;background_background&quot;:&quot;classic&quot;}\">\n\t\t\t\t\t<div class=\"e-con-inner\">\n\t\t<div class=\"elementor-element elementor-element-4933f5e e-flex e-con-boxed e-con e-child\" data-id=\"4933f5e\" data-element_type=\"container\" data-e-type=\"container\">\n\t\t\t\t\t<div class=\"e-con-inner\">\n\t\t\t\t<div class=\"elementor-element elementor-element-b29aa98 at-heading-animation at-animation-heading-style-3 elementor-widget elementor-widget-heading\" data-id=\"b29aa98\" data-element_type=\"widget\" data-e-type=\"widget\" data-settings=\"{&quot;ekit_we_effect_on&quot;:&quot;none&quot;}\" data-widget_type=\"heading.default\">\n\t\t\t\t<div class=\"elementor-widget-container\">\n\t\t\t\t\t<h1 class=\"elementor-heading-title elementor-size-default\">Enl\u00e8vement<\/h1>\t\t\t\t<\/div>\n\t\t\t\t<\/div>\n\t\t\t\t\t<\/div>\n\t\t\t\t<\/div>\n\t\t\t\t\t<\/div>\n\t\t\t\t<\/div>\n\t\t<div class=\"elementor-element elementor-element-3a9e1b8 e-flex e-con-boxed e-con e-parent\" data-id=\"3a9e1b8\" data-element_type=\"container\" data-e-type=\"container\">\n\t\t\t\t\t<div class=\"e-con-inner\">\n\t\t<div class=\"elementor-element elementor-element-13d6924 e-con-full e-flex e-con e-child\" data-id=\"13d6924\" data-element_type=\"container\" data-e-type=\"container\">\n\t\t<div class=\"elementor-element elementor-element-9557935 e-con-full e-flex e-con e-child\" data-id=\"9557935\" data-element_type=\"container\" data-e-type=\"container\">\n\t\t\t\t<div class=\"elementor-element elementor-element-5cc2f2e at-image-animation at-animation-image-style-1 image-anime elementor-widget elementor-widget-image\" data-id=\"5cc2f2e\" data-element_type=\"widget\" data-e-type=\"widget\" data-settings=\"{&quot;ekit_we_effect_on&quot;:&quot;none&quot;}\" data-widget_type=\"image.default\">\n\t\t\t\t<div class=\"elementor-widget-container\">\n\t\t\t\t\t\t\t\t\t\t\t\t\t\t\t<img fetchpriority=\"high\" decoding=\"async\" width=\"800\" height=\"533\" src=\"https:\/\/www.kreyolfret.com\/wp-content\/uploads\/2024\/09\/homme-fret.png\" class=\"attachment-large size-large wp-image-5701\" alt=\"\" srcset=\"https:\/\/www.kreyolfret.com\/wp-content\/uploads\/2024\/09\/homme-fret.png 930w, https:\/\/www.kreyolfret.com\/wp-content\/uploads\/2024\/09\/homme-fret-300x200.png 300w, https:\/\/www.kreyolfret.com\/wp-content\/uploads\/2024\/09\/homme-fret-768x512.png 768w\" sizes=\"(max-width: 800px) 100vw, 800px\" \/>\t\t\t\t\t\t\t\t\t\t\t\t\t\t\t<\/div>\n\t\t\t\t<\/div>\n\t\t\t\t<\/div>\n\t\t<div class=\"elementor-element elementor-element-e3686c6 e-con-full e-flex e-con e-child\" data-id=\"e3686c6\" data-element_type=\"container\" data-e-type=\"container\">\n\t\t\t\t<div class=\"elementor-element elementor-element-e4ab44f at-heading-animation at-animation-heading-style-3 elementor-widget elementor-widget-heading\" data-id=\"e4ab44f\" data-element_type=\"widget\" data-e-type=\"widget\" data-settings=\"{&quot;ekit_we_effect_on&quot;:&quot;none&quot;}\" data-widget_type=\"heading.default\">\n\t\t\t\t<div class=\"elementor-widget-container\">\n\t\t\t\t\t<h2 class=\"elementor-heading-title elementor-size-default\">Enl\u00e8vement<\/h2>\t\t\t\t<\/div>\n\t\t\t\t<\/div>\n\t\t\t\t<div class=\"elementor-element elementor-element-8d54485 elementor-invisible elementor-widget elementor-widget-text-editor\" data-id=\"8d54485\" data-element_type=\"widget\" data-e-type=\"widget\" data-settings=\"{&quot;_animation&quot;:&quot;fadeInUp&quot;,&quot;_animation_delay&quot;:100,&quot;ekit_we_effect_on&quot;:&quot;none&quot;}\" data-widget_type=\"text-editor.default\">\n\t\t\t\t<div class=\"elementor-widget-container\">\n\t\t\t\t\t\t\t\t\t<div dir=\"auto\">Les enl\u00e8vements sont planifi\u00e9s en fonction des disponibilit\u00e9s et de nos cr\u00e9neaux qui peuvent varier selon les r\u00e9gions.<\/div><div dir=\"auto\">\u00a0<\/div><div dir=\"auto\">Nous intervenons du lundi au samedi sur votre lieu de r\u00e9sidence. Que ce soit, Paris, Bordeaux, Lyon, Nice, Marseille, Rouen, Nantes, Lille, Orl\u00e9ans et leurs environs, un enl\u00e8vement \u00e0 votre domicile sera possible et r\u00e9alisable.<\/div>\t\t\t\t\t\t\t\t<\/div>\n\t\t\t\t<\/div>\n\t\t\t\t<\/div>\n\t\t<div class=\"elementor-element elementor-element-e678ff4 e-con-full e-flex e-con e-child\" data-id=\"e678ff4\" data-element_type=\"container\" data-e-type=\"container\">\n\t\t<div class=\"elementor-element elementor-element-b2ed1b2 e-con-full e-flex elementor-invisible e-con e-child\" data-id=\"b2ed1b2\" data-element_type=\"container\" data-e-type=\"container\" data-settings=\"{&quot;animation&quot;:&quot;fadeInUp&quot;,&quot;animation_delay&quot;:100}\">\n\t\t\t\t<div class=\"elementor-element elementor-element-2ded50d image-anime at-image-animation at-animation-image-none elementor-widget elementor-widget-image\" data-id=\"2ded50d\" data-element_type=\"widget\" data-e-type=\"widget\" data-settings=\"{&quot;ekit_we_effect_on&quot;:&quot;none&quot;}\" data-widget_type=\"image.default\">\n\t\t\t\t<div class=\"elementor-widget-container\">\n\t\t\t\t\t\t\t\t\t\t\t\t\t\t\t<img decoding=\"async\" width=\"768\" height=\"1024\" src=\"https:\/\/www.kreyolfret.com\/wp-content\/uploads\/2024\/10\/photo-enlevement-768x1024.jpg\" class=\"attachment-large size-large wp-image-5844\" alt=\"\" srcset=\"https:\/\/www.kreyolfret.com\/wp-content\/uploads\/2024\/10\/photo-enlevement-768x1024.jpg 768w, https:\/\/www.kreyolfret.com\/wp-content\/uploads\/2024\/10\/photo-enlevement-225x300.jpg 225w, https:\/\/www.kreyolfret.com\/wp-content\/uploads\/2024\/10\/photo-enlevement-1152x1536.jpg 1152w, https:\/\/www.kreyolfret.com\/wp-content\/uploads\/2024\/10\/photo-enlevement.jpg 1200w\" sizes=\"(max-width: 768px) 100vw, 768px\" \/>\t\t\t\t\t\t\t\t\t\t\t\t\t\t\t<\/div>\n\t\t\t\t<\/div>\n\t\t\t\t<\/div>\n\t\t<div class=\"elementor-element elementor-element-d2b3846 e-con-full e-flex elementor-invisible e-con e-child\" data-id=\"d2b3846\" data-element_type=\"container\" data-e-type=\"container\" data-settings=\"{&quot;animation&quot;:&quot;fadeInUp&quot;,&quot;animation_delay&quot;:200}\">\n\t\t\t\t<\/div>\n\t\t\t\t<\/div>\n\t\t\t\t<\/div>\n\t\t<div class=\"elementor-element elementor-element-3f89c62 e-con-full e-flex e-con e-child\" data-id=\"3f89c62\" data-element_type=\"container\" data-e-type=\"container\">\n\t\t\t\t<div class=\"elementor-element elementor-element-e466be4 elementor-widget elementor-widget-aerologix-elementor-template\" data-id=\"e466be4\" data-element_type=\"widget\" data-e-type=\"widget\" data-settings=\"{&quot;ekit_we_effect_on&quot;:&quot;none&quot;}\" data-widget_type=\"aerologix-elementor-template.default\">\n\t\t\t\t<div class=\"elementor-widget-container\">\n\t\t\t\t\t\t\t<div class=\"elementor-template\">\n\t\t\t\t\t<\/div>\n\t\t\t\t\t\t<\/div>\n\t\t\t\t<\/div>\n\t\t\t\t<\/div>\n\t\t\t\t\t<\/div>\n\t\t\t\t<\/div>\n\t\t\t\t<\/div>\n\t\t","protected":false},"excerpt":{"rendered":"<p>Enl\u00e8vement Enl\u00e8vement Les enl\u00e8vements sont planifi\u00e9s en fonction des disponibilit\u00e9s et de nos cr\u00e9neaux qui peuvent varier selon les r\u00e9gions.\u00a0Nous intervenons du lundi au samedi sur votre lieu de r\u00e9sidence. Que ce soit, Paris, Bordeaux, Lyon, Nice, Marseille, Rouen, Nantes, Lille, Orl\u00e9ans et leurs environs, un enl\u00e8vement \u00e0 votre domicile sera possible et r\u00e9alisable. Tous [&hellip;]<\/p>\n","protected":false},"author":1,"featured_media":0,"parent":856,"menu_order":0,"comment_status":"closed","ping_status":"closed","template":"elementor_header_footer","meta":{"footnotes":""},"class_list":["post-5306","page","type-page","status-publish","hentry"],"yoast_head":"<!-- This site is optimized with the Yoast SEO plugin v27.2 - https:\/\/yoast.com\/product\/yoast-seo-wordpress\/ -->\n<title>Enl\u00e8vement - Kreyol Fret<\/title>\n<meta name=\"description\" content=\"Kreyol Fret, votre partenaire de confiance pour l\u2019exp\u00e9dition s\u00e9curis\u00e9e de colis et de fret vers les Antilles.\" \/>\n<meta name=\"robots\" content=\"index, follow, max-snippet:-1, max-image-preview:large, max-video-preview:-1\" \/>\n<link rel=\"canonical\" href=\"https:\/\/www.kreyolfret.com\/index.php\/services\/enlevement\/\" \/>\n<meta property=\"og:locale\" content=\"fr_FR\" \/>\n<meta property=\"og:type\" content=\"article\" \/>\n<meta property=\"og:title\" content=\"Enl\u00e8vement - Kreyol Fret\" \/>\n<meta property=\"og:description\" content=\"Kreyol Fret, votre partenaire de confiance pour l\u2019exp\u00e9dition s\u00e9curis\u00e9e de colis et de fret vers les Antilles.\" \/>\n<meta property=\"og:url\" content=\"https:\/\/www.kreyolfret.com\/index.php\/services\/enlevement\/\" \/>\n<meta property=\"og:site_name\" content=\"Kreyol Fret\" \/>\n<meta property=\"article:publisher\" content=\"https:\/\/www.facebook.com\/profile.php?id=61566351793092\" \/>\n<meta property=\"article:modified_time\" content=\"2025-03-25T10:32:21+00:00\" \/>\n<meta property=\"og:image\" content=\"https:\/\/www.kreyolfret.com\/wp-content\/uploads\/2024\/09\/homme-fret.png\" \/>\n\t<meta property=\"og:image:width\" content=\"930\" \/>\n\t<meta property=\"og:image:height\" content=\"620\" \/>\n\t<meta property=\"og:image:type\" content=\"image\/png\" \/>\n<meta name=\"twitter:card\" content=\"summary_large_image\" \/>\n<meta name=\"twitter:label1\" content=\"Dur\u00e9e de lecture estim\u00e9e\" \/>\n\t<meta name=\"twitter:data1\" content=\"1 minute\" \/>\n<script type=\"application\/ld+json\" class=\"yoast-schema-graph\">{\"@context\":\"https:\/\/schema.org\",\"@graph\":[{\"@type\":\"WebPage\",\"@id\":\"https:\/\/www.kreyolfret.com\/index.php\/services\/enlevement\/\",\"url\":\"https:\/\/www.kreyolfret.com\/index.php\/services\/enlevement\/\",\"name\":\"Enl\u00e8vement - Kreyol Fret\",\"isPartOf\":{\"@id\":\"https:\/\/www.kreyolfret.com\/#website\"},\"primaryImageOfPage\":{\"@id\":\"https:\/\/www.kreyolfret.com\/index.php\/services\/enlevement\/#primaryimage\"},\"image\":{\"@id\":\"https:\/\/www.kreyolfret.com\/index.php\/services\/enlevement\/#primaryimage\"},\"thumbnailUrl\":\"https:\/\/www.kreyolfret.com\/wp-content\/uploads\/2024\/09\/homme-fret.png\",\"datePublished\":\"2024-04-27T10:13:57+00:00\",\"dateModified\":\"2025-03-25T10:32:21+00:00\",\"description\":\"Kreyol Fret, votre partenaire de confiance pour l\u2019exp\u00e9dition s\u00e9curis\u00e9e de colis et de fret vers les Antilles.\",\"breadcrumb\":{\"@id\":\"https:\/\/www.kreyolfret.com\/index.php\/services\/enlevement\/#breadcrumb\"},\"inLanguage\":\"fr-FR\",\"potentialAction\":[{\"@type\":\"ReadAction\",\"target\":[\"https:\/\/www.kreyolfret.com\/index.php\/services\/enlevement\/\"]}]},{\"@type\":\"ImageObject\",\"inLanguage\":\"fr-FR\",\"@id\":\"https:\/\/www.kreyolfret.com\/index.php\/services\/enlevement\/#primaryimage\",\"url\":\"https:\/\/www.kreyolfret.com\/wp-content\/uploads\/2024\/09\/homme-fret.png\",\"contentUrl\":\"https:\/\/www.kreyolfret.com\/wp-content\/uploads\/2024\/09\/homme-fret.png\",\"width\":930,\"height\":620},{\"@type\":\"BreadcrumbList\",\"@id\":\"https:\/\/www.kreyolfret.com\/index.php\/services\/enlevement\/#breadcrumb\",\"itemListElement\":[{\"@type\":\"ListItem\",\"position\":1,\"name\":\"Accueil\",\"item\":\"https:\/\/www.kreyolfret.com\/\"},{\"@type\":\"ListItem\",\"position\":2,\"name\":\"Services\",\"item\":\"https:\/\/www.kreyolfret.com\/index.php\/services\/\"},{\"@type\":\"ListItem\",\"position\":3,\"name\":\"Enl\u00e8vement\"}]},{\"@type\":\"WebSite\",\"@id\":\"https:\/\/www.kreyolfret.com\/#website\",\"url\":\"https:\/\/www.kreyolfret.com\/\",\"name\":\"Kreyol Fret\",\"description\":\"Exp\u00e9dition de colis et fret vers les Antilles\",\"publisher\":{\"@id\":\"https:\/\/www.kreyolfret.com\/#organization\"},\"potentialAction\":[{\"@type\":\"SearchAction\",\"target\":{\"@type\":\"EntryPoint\",\"urlTemplate\":\"https:\/\/www.kreyolfret.com\/?s={search_term_string}\"},\"query-input\":{\"@type\":\"PropertyValueSpecification\",\"valueRequired\":true,\"valueName\":\"search_term_string\"}}],\"inLanguage\":\"fr-FR\"},{\"@type\":\"Organization\",\"@id\":\"https:\/\/www.kreyolfret.com\/#organization\",\"name\":\"Kreyol Fret\",\"url\":\"https:\/\/www.kreyolfret.com\/\",\"logo\":{\"@type\":\"ImageObject\",\"inLanguage\":\"fr-FR\",\"@id\":\"https:\/\/www.kreyolfret.com\/#\/schema\/logo\/image\/\",\"url\":\"https:\/\/www.kreyolfret.com\/wp-content\/uploads\/2025\/02\/cropped-Logo-Kreyol-Fret.png\",\"contentUrl\":\"https:\/\/www.kreyolfret.com\/wp-content\/uploads\/2025\/02\/cropped-Logo-Kreyol-Fret.png\",\"width\":698,\"height\":574,\"caption\":\"Kreyol Fret\"},\"image\":{\"@id\":\"https:\/\/www.kreyolfret.com\/#\/schema\/logo\/image\/\"},\"sameAs\":[\"https:\/\/www.facebook.com\/profile.php?id=61566351793092\",\"https:\/\/www.instagram.com\/kreyol.fret\/\",\"https:\/\/www.linkedin.com\/in\/kreyol-fret-080a0332a\/\"]}]}<\/script>\n<!-- \/ Yoast SEO plugin. -->","yoast_head_json":{"title":"Enl\u00e8vement - Kreyol Fret","description":"Kreyol Fret, votre partenaire de confiance pour l\u2019exp\u00e9dition s\u00e9curis\u00e9e de colis et de fret vers les Antilles.","robots":{"index":"index","follow":"follow","max-snippet":"max-snippet:-1","max-image-preview":"max-image-preview:large","max-video-preview":"max-video-preview:-1"},"canonical":"https:\/\/www.kreyolfret.com\/index.php\/services\/enlevement\/","og_locale":"fr_FR","og_type":"article","og_title":"Enl\u00e8vement - Kreyol Fret","og_description":"Kreyol Fret, votre partenaire de confiance pour l\u2019exp\u00e9dition s\u00e9curis\u00e9e de colis et de fret vers les Antilles.","og_url":"https:\/\/www.kreyolfret.com\/index.php\/services\/enlevement\/","og_site_name":"Kreyol Fret","article_publisher":"https:\/\/www.facebook.com\/profile.php?id=61566351793092","article_modified_time":"2025-03-25T10:32:21+00:00","og_image":[{"width":930,"height":620,"url":"https:\/\/www.kreyolfret.com\/wp-content\/uploads\/2024\/09\/homme-fret.png","type":"image\/png"}],"twitter_card":"summary_large_image","twitter_misc":{"Dur\u00e9e de lecture estim\u00e9e":"1 minute"},"schema":{"@context":"https:\/\/schema.org","@graph":[{"@type":"WebPage","@id":"https:\/\/www.kreyolfret.com\/index.php\/services\/enlevement\/","url":"https:\/\/www.kreyolfret.com\/index.php\/services\/enlevement\/","name":"Enl\u00e8vement - Kreyol Fret","isPartOf":{"@id":"https:\/\/www.kreyolfret.com\/#website"},"primaryImageOfPage":{"@id":"https:\/\/www.kreyolfret.com\/index.php\/services\/enlevement\/#primaryimage"},"image":{"@id":"https:\/\/www.kreyolfret.com\/index.php\/services\/enlevement\/#primaryimage"},"thumbnailUrl":"https:\/\/www.kreyolfret.com\/wp-content\/uploads\/2024\/09\/homme-fret.png","datePublished":"2024-04-27T10:13:57+00:00","dateModified":"2025-03-25T10:32:21+00:00","description":"Kreyol Fret, votre partenaire de confiance pour l\u2019exp\u00e9dition s\u00e9curis\u00e9e de colis et de fret vers les Antilles.","breadcrumb":{"@id":"https:\/\/www.kreyolfret.com\/index.php\/services\/enlevement\/#breadcrumb"},"inLanguage":"fr-FR","potentialAction":[{"@type":"ReadAction","target":["https:\/\/www.kreyolfret.com\/index.php\/services\/enlevement\/"]}]},{"@type":"ImageObject","inLanguage":"fr-FR","@id":"https:\/\/www.kreyolfret.com\/index.php\/services\/enlevement\/#primaryimage","url":"https:\/\/www.kreyolfret.com\/wp-content\/uploads\/2024\/09\/homme-fret.png","contentUrl":"https:\/\/www.kreyolfret.com\/wp-content\/uploads\/2024\/09\/homme-fret.png","width":930,"height":620},{"@type":"BreadcrumbList","@id":"https:\/\/www.kreyolfret.com\/index.php\/services\/enlevement\/#breadcrumb","itemListElement":[{"@type":"ListItem","position":1,"name":"Accueil","item":"https:\/\/www.kreyolfret.com\/"},{"@type":"ListItem","position":2,"name":"Services","item":"https:\/\/www.kreyolfret.com\/index.php\/services\/"},{"@type":"ListItem","position":3,"name":"Enl\u00e8vement"}]},{"@type":"WebSite","@id":"https:\/\/www.kreyolfret.com\/#website","url":"https:\/\/www.kreyolfret.com\/","name":"Kreyol Fret","description":"Exp\u00e9dition de colis et fret vers les Antilles","publisher":{"@id":"https:\/\/www.kreyolfret.com\/#organization"},"potentialAction":[{"@type":"SearchAction","target":{"@type":"EntryPoint","urlTemplate":"https:\/\/www.kreyolfret.com\/?s={search_term_string}"},"query-input":{"@type":"PropertyValueSpecification","valueRequired":true,"valueName":"search_term_string"}}],"inLanguage":"fr-FR"},{"@type":"Organization","@id":"https:\/\/www.kreyolfret.com\/#organization","name":"Kreyol Fret","url":"https:\/\/www.kreyolfret.com\/","logo":{"@type":"ImageObject","inLanguage":"fr-FR","@id":"https:\/\/www.kreyolfret.com\/#\/schema\/logo\/image\/","url":"https:\/\/www.kreyolfret.com\/wp-content\/uploads\/2025\/02\/cropped-Logo-Kreyol-Fret.png","contentUrl":"https:\/\/www.kreyolfret.com\/wp-content\/uploads\/2025\/02\/cropped-Logo-Kreyol-Fret.png","width":698,"height":574,"caption":"Kreyol Fret"},"image":{"@id":"https:\/\/www.kreyolfret.com\/#\/schema\/logo\/image\/"},"sameAs":["https:\/\/www.facebook.com\/profile.php?id=61566351793092","https:\/\/www.instagram.com\/kreyol.fret\/","https:\/\/www.linkedin.com\/in\/kreyol-fret-080a0332a\/"]}]}},"jetpack_sharing_enabled":true,"_links":{"self":[{"href":"https:\/\/www.kreyolfret.com\/index.php\/wp-json\/wp\/v2\/pages\/5306","targetHints":{"allow":["GET"]}}],"collection":[{"href":"https:\/\/www.kreyolfret.com\/index.php\/wp-json\/wp\/v2\/pages"}],"about":[{"href":"https:\/\/www.kreyolfret.com\/index.php\/wp-json\/wp\/v2\/types\/page"}],"author":[{"embeddable":true,"href":"https:\/\/www.kreyolfret.com\/index.php\/wp-json\/wp\/v2\/users\/1"}],"replies":[{"embeddable":true,"href":"https:\/\/www.kreyolfret.com\/index.php\/wp-json\/wp\/v2\/comments?post=5306"}],"version-history":[{"count":21,"href":"https:\/\/www.kreyolfret.com\/index.php\/wp-json\/wp\/v2\/pages\/5306\/revisions"}],"predecessor-version":[{"id":6149,"href":"https:\/\/www.kreyolfret.com\/index.php\/wp-json\/wp\/v2\/pages\/5306\/revisions\/6149"}],"up":[{"embeddable":true,"href":"https:\/\/www.kreyolfret.com\/index.php\/wp-json\/wp\/v2\/pages\/856"}],"wp:attachment":[{"href":"https:\/\/www.kreyolfret.com\/index.php\/wp-json\/wp\/v2\/media?parent=5306"}],"curies":[{"name":"wp","href":"https:\/\/api.w.org\/{rel}","templated":true}]}}